2 = 0. Suppose r*f - 28 = -2*k, 49 = 5*f + 5*k + 4. Calculate the greatest common divisor of f and 110.
10
Let u(n) = 1 + 0 - 11 + 1 - 25*n. Let m be u(-4). What is the highest common factor of 13 and m?
13
Let p(g) = 176*g - 4. Let i be p(4). Suppose -l + i = 4*l. What is the highest common factor of l and 35?
35
Suppose -5*q = -262 - 13. Suppose 38 + q = 3*i. Calculate the greatest common divisor of 279 and i.
31
Suppose -5*s + 6*o = 3*o - 1575, -3*s = 2*o - 926. Calculate the highest common divisor of 117 and s.
39
Let v be (0/(-4))/2 + 12. Let x be 3/v + 595/20. Calculate the greatest common factor of 6 and x.
6
Suppose -5*v - 435 = -x - 10*v, 2*v + 463 = x. Calculate the highest common divisor of x and 14.
7
Let j = 0 - -5. Let t = 7 - j. Let q(c) = 19*c**2 - c - 2. Let i be q(t). Calculate the highest common factor of i and 12.
12
Let w(x) = -2*x + 2. Let n be w(5). Let q = 9 + n. Suppose -3*v - m + 28 = 0, -2*m + 34 = 4*v - 4*m. What is the highest common factor of v and q?
1
Suppose 45 = 5*y - 80. Let o be 9*5*(0 + y)/5. What is the highest common factor of o and 25?
25
Let s be 2/(2/(-3))*-10. Let u = 382 - 609. Let r = 287 + u. What is the greatest common divisor of s and r?
30
Suppose -2*v = -5*m - 51, -5*v + 151 = -m + 12. Let d be (30/4)/(2/v). Calculate the highest common factor of 15 and d.
15
Let b be (3 + 117/(-27))/((-1)/3). Let t be (1 - -133) + b - 0. What is the highest common factor of 46 and t?
46
Let b(u) = 2*u**3 - 9*u**2 - 6*u - 12. Let o(t) = -t**3 + t**2 + t. Let x(h) = b(h) + o(h). Let j be x(9). What is the greatest common factor of 24 and j?
24
Let v be (-7)/(-1) - (1 + -477). Calculate the highest common divisor of 69 and v.
69
Let p(m) = -m**2 + 26*m - 13. Let g be p(16). Calculate the greatest common divisor of g and 63.
21
Let w = 12 + -4. Suppose 2*d - 2*f = -2*d + w, -3 = -3*d + 3*f. What is the greatest common divisor of 9 and d?
3
Suppose -3*h + 0*h = -3*a + 246, h + 80 = 3*a. Let b = 111 + h. Calculate the highest common factor of 224 and b.
28
Let s = 158 + -104. What is the greatest common divisor of 216 and s?
54
Suppose 4*j - m - 477 - 1160 = 0, 5*m + 395 = j. What is the greatest common divisor of j and 10?
10
Let o = 414 - 393. Calculate the greatest common divisor of 51 and o.
3
Let y = -46 - -50. Let f be -18*(4 - 8)/y. Calculate the highest common factor of f and 6.
6
Suppose 404*a - 384 = 400*a. Let l = -14 - -26. Calculate the greatest common divisor of l and a.
12
Let m(t) = 7*t**2 - 9*t + 14. Let r be m(5). Calculate the greatest common factor of r and 12.
12
Suppose -3*z + 89 = 2*h, 43 = z + 2*h + 2*h. Let m be -12*(-2 + (15/6 - 1)). Suppose -r + m = 3. Calculate the highest common factor of r and z.
3
Suppose 5*a + 4*z = z + 186, -a - 5*z = -46. Let n = a + -22. Calculate the highest common factor of n and 98.
14
Suppose -2*m + 276 = 3*r, 414 = 3*m - r + 5*r. Suppose m = 4*l + 38. Let k = 8 - -2. Calculate the greatest common divisor of k and l.
5
Let q(x) = -x + 7. Let j be q(-17). Calculate the highest common factor of 32 and j.
8
Let g(h) = h**2 + 4*h - 3. Let t be g(-4). Let c be ((-2)/t)/(2/27). Suppose 4*u - 82 = -2*f, -c = f - 4. What is the highest common divisor of 184 and u?
23
Suppose 5*o = 207 + 43. Calculate the greatest common factor of o and 25.
25
Let w = 28 + -20. Let m be (52/w)/((-4)/(-48)). Calculate the highest common divisor of m and 195.
39
Let v = -10 + 26. Suppose -12*b = -v*b + 12. Calculate the greatest common factor of b and 15.
3
Let q(z) = -2*z**3 - 4*z**2 - 4*z - 4. Let f be q(-2). Suppose -2*v + 5*t = -145, -f*v + 2*v = 2*t - 110. Calculate the greatest common factor of v and 20.
20
Suppose -7*b + 218 = 29. Let p(j) = -16*j - 4. Let y be p(-7). Calculate the highest common factor of b and y.
27
Let d be 3/9*0/1. Let z be (0 + 1 + -1)/(-1). Suppose z = 5*i - d - 45. What is the greatest common divisor of 1 and i?
1
Suppose -4*s + 45 + 53 = -g, -2*g - 2*s = 196. Let z be (-1120)/g - 3/7. What is the highest common factor of 11 and z?
11
Let c(q) = -14*q - 3. Let m be c(-3). Let j be (70/(-5) + 15/2)*(-1 - 3). What is the highest common divisor of j and m?
13
Let n = -30 - -95. What is the highest common divisor of n and 169?
13
Let o = 1651 + -1560. Let l be 1*(-1)/(1/(-13)). What is the highest common divisor of o and l?
13
Suppose -5*l + 252 = a + 3*a, -4*l + 5*a = -218. Calculate the highest common factor of 52 and l.
52
Suppose -41*v - g + 5540 = -39*v, 3*g = 5*v - 13828. Calculate the greatest common divisor of v and 16.
16
Let l(k) = -k**2 + 24*k + 325. Let f be l(32). What is the greatest common factor of 391 and f?
23
Suppose -4*m + 8 = 2*d, -3*m = -4*d + 13 + 14. Let c be 36/45 - 63/(-15). Suppose -c*y = -4*y - 18. What is the highest common factor of y and d?
6
Suppose 3*n = -32 + 347. Suppose 17 = -2*t + 231. Suppose -13 = -8*b + t. Calculate the greatest common divisor of n and b.
15
Suppose 9*a + 6*p + 249 = 10*a, -4*a + 1018 = -2*p. Suppose 0 = 5*n - 252 - 3. Calculate the highest common factor of a and n.
51
Suppose -z - 1 = -94. Calculate the highest common factor of z and 31.
31
Suppose -4*n = 27 + 121. Let r = 26 + n. Let z be -2*2/(4/r). Calculate the highest common factor of z and 33.
11
Suppose -40 = -2*h - 4*i, 4*i = -4*h + 8*h - 140. Calculate the highest common divisor of 690 and h.
30
Let t(l) = l**3 + 2*l - 6. Let s be t(0). Let z = 54 + s. What is the greatest common divisor of z and 24?
24
Let m = 230 - 223. Calculate the greatest common divisor of 266 and m.
7
Let a(w) = -3*w + 52. Let c be a(16). Suppose 6 - 21 = -5*p. Suppose -5*j + 16 = 3*m, 2*j - m - 8 = -p*m. What is the greatest common divisor of c and j?
2
Suppose -576 = -81*f + 17*f. Let i = 12 + -8. Suppose -6*k - 5*c + 27 = -2*k, 18 = 2*k + i*c. What is the highest common factor of k and f?
3
Let j(k) = k + 3. Let y be j(-1). Suppose d = 2*c - 41, -50 = -5*c + y*d + 50. Calculate the greatest common factor of c and 144.
18
Let u(z) = -z**2 + 1. Let h(k) = k**3 - 31*k**2 + 2*k - 26. Let p(w) = h(w) - 6*u(w). Let i be p(25). Calculate the greatest common divisor of i and 2.
2
Let y(q) = 6*q**2 - 13*q - 104. Let i be y(10). Calculate the highest common divisor of i and 12.
6
Let t(h) = h + 4. Let m be t(0). Suppose -m*q + 38 = -2*v, 31 = 2*q + q + v. Let r(g) = 11*g - 5. Let l be r(5). What is the highest common divisor of q and l?
10
Let w be ((-536)/(-40) - 13)*105. Let r(h) be the third derivative of -7*h**4/8 - h**2. Let j be r(-1). What is the greatest common divisor of j and w?
21
Suppose -2*k + 46 = 5*r, -r + k = r - 22. Let v = 35 - 32. Let y be 2/v*-1*-30*2. Calculate the greatest common factor of y and r.
10
Suppose 4*l - 862 = -g, 28*g - 2*l = 24*g + 3376. Calculate the greatest common factor of 18 and g.
18
Suppose 2*b - 5*z = -1, -8 = 4*b + 2*z - 6*z. Let s be ((-2)/b)/(48/3240). What is the greatest common divisor of s and 5?
5
Suppose 6*b = 7*b - 66. Suppose -67*l + b*l = -161. What is the highest common factor of l and 23?
23
Let f = -602 + 630. Calculate the greatest common divisor of f and 448.
28
Suppose 0 = -0*s - 5*s + 3645. Let k be s/6 - (-1)/(-2). Suppose -8*a - 99 = -17*a. What is the greatest common factor of a and k?
11
Let z = 11 + -8. Suppose -161 = -9*f + 28. Calculate the highest common divisor of f and z.
3
Let h = 7 - 3. Suppose -h*g + 3*t - 2*t = 0, t = 2*g. Suppose -4*z + g*z = 16, d + 2*z = -2. What is the greatest common factor of 24 and d?
6
Suppose 262*b - 255*b - 434 = 0. Calculate the highest common divisor of 93 and b.
31
Suppose 3*d + 0*d = d. Suppose d = -2*q - 2 - 4, 4*q - 16 = -4*j. What is the greatest common divisor of 7 and j?
7
Let b(k) = k**3 + 3*k**2 - 2*k - 2. Let w be b(-2). Let o(q) = -q**3 - 32*q**2 + 27*q - 156. Let d be o(-33). Calculate the greatest common factor of w and d.
6
Let z(v) = 12*v**3 - 6*v**2 + 5*v + 9. Let g be z(2). What is the highest common factor of g and 130?
13
Suppose 79 = -m + 301. What is the highest common divisor of m and 3?
3
Let q be (1/2)/(122/444080). What is the greatest common factor of q and 13?
13
Let w = -19 - -22. Suppose -w = -6*j + 3. Let p(x) = x**3 - x**2 - 2*x - 3. Let i be p(3). Calculate the highest common divisor of i and j.
1
Let p be -2 + 12*(-4)/(-4). What is the high